{"id":184,"date":"2020-02-23T10:18:34","date_gmt":"2020-02-23T09:18:34","guid":{"rendered":"http:\/\/viersindausgeflogen.de\/?page_id=184"},"modified":"2025-05-18T08:44:38","modified_gmt":"2025-05-18T07:44:38","slug":"rund-um-den-flug","status":"publish","type":"page","link":"https:\/\/viersindausgeflogen.de\/?page_id=184","title":{"rendered":"Rund um den Flug"},"content":{"rendered":"\n<h2 class=\"wp-block-heading\">Wo suchen und buchen?<\/h2>\n\n\n\n<p>Wir haben unsere Fl\u00fcge immer \u00fcber skyscanner gesucht und letztlich dann direkt bei der Airline gebucht. Dies war nicht als  teurer als bei Drittanbietern uns erschien uns im Falle von Umbuchung etc. einfach sicherer. <br>Bezahlt haben wir pro Person ca. 500\u20ac, f\u00fcr so einen Preis sollte man aber ,gerade wenn man auf die Ferien angewiesen ist, fr\u00fchzeitig buchen. ( mehr als 6 Monate vorher, so zumindest unsere Erfahrung).<br> <br>Update 2023: H\u00f6chstpreise in den Sommerferien, Flug 3600\u20ac (3 Erwachsene, 1 Kind bis BKK) und nach oben keine Grenzen. Im Oktober 2024 haben wir f\u00fcr die Sommerferien gebucht und konnte f\u00fcr 3990 inkl. Sitzpl\u00e4tzen und 30kg Gep\u00e4ck bei Etihad direkt bis Samui Fl\u00fcge gebucht.<\/p>\n\n\n\n<h2 class=\"wp-block-heading\">Airlines<\/h2>\n\n\n\n<p>Geflogen sind wir bisher mit: Emirates, Singapur Airlines, Turkish Airlines ( Zubringer) und Thai Airways.<\/p>\n\n\n\n<p>Sowohl bei Emirates als auch bei Singapur Airlines kamen wir in den Genuss des A380.<\/p>\n\n\n\n<p>Bei Emirates und Singapur Airlines unschlagbar war definitiv, das Board Entertainment. Sehr viele Filme auf Deutsch, sowohl f\u00fcr Erwachsene als auch f\u00fcr Kinder.<\/p>\n\n\n\n<p>Singapore Airlines hatten dagegen den besseren Service und insgesamt das bessere Preis\/Leistungsverh\u00e4ltnis. 30 Kilo Freigep\u00e4ck, mit Kindern zudem kostenlose Sitzplatzreservierung direkt nach der Buchung. Bei Emirates sind es mittlerweile nur noch 20 Kilo Gep\u00e4ck, zumindest wenn man einen g\u00fcnstigen Tarif bucht, und die Sitzplatzreservierung vor dem online check in ist kostenpflichtig.<br>Singapur hat nat\u00fcrlich noch ein Ass im \u00c4rmel, n\u00e4mlich den preisgekr\u00f6nten Changi Airport. Hier wird der Zwischenstopp schon fast zum Vergn\u00fcgen.<\/p>\n\n\n\n<p>Auch ein l\u00e4ngerer Zwischenstopp in Singapur lohnt sich, wir haben dort 2022 ein paar nette Tage verbracht, wenn ihr mehr wissen wollt, gerne auf Blog klicken.<\/p>\n\n\n\n<p>Mit Thai waren wir zufrieden, sind allerdings in einem A350 ab Istanbul geflogen, ab Frankfurt fliegt wohl eine veraltete 777, die bei den Bewertungen nicht so gut wegkommt. Das Personal war freundlich, der Service gut und das Entertainment ausreichend, kann aber mit Emirates oder Singapur nicht mithalten. Allerdings wurden unsere Sitzpl\u00e4tze mehrere Male, einfach so ohne Info ge\u00e4ndert und das letzte mal dann direkt am Gate beim Einsteigen. Zwar wurde darauf geachtet, dass wir immer 2&#215;2 sitzen und nicht ganz auseinander, trotzdem fanden wir das nicht ganz so sch\u00f6n. Entsch\u00e4digt hat uns dann aber die Tatsache, dass wir je einen freien Sitz neben uns hatten, was nat\u00fcrlich das Ganze viel angenehmer gemacht hat.<\/p>\n\n\n\n<p>Turkish Airlines hat uns von Basel nach Istanbul gebracht also nur ein 3-st\u00fcndiger Flug, das Entertainment war gut, das Essen ebenfalls, so dass wir da nichts negatives sagen k\u00f6nnen.Etwas unkomfortabel war die App und auch der Kundenservice, den wir wegen den Sitzpl\u00e4tzen kontaktieren mussten, war nicht sehr hilfreich. Zum Buchungszeitpunkt hatte aber die Kooperation zw. Turkish und Thai erst angefangen, vielleicht wird auch nachgebessert, dass man f\u00fcr alle Fl\u00fcge in einer App die Pl\u00e4tze buchen kann und nicht einmal bei Turkish (kostenpflichtig) und bei Thai separat.<\/p>\n\n\n\n<p>Wenn das Geld keine Rolle spielt, w\u00fcrden wir wohl Singapur Airlines w\u00e4hlen.<\/p>\n\n\n\n<h2 class=\"wp-block-heading\"><strong>Zwischenstopp oder Direktflug?<\/strong><\/h2>\n\n\n\n<p>Ehrlich gesagt spielt hier das Preis\/Leistungsverh\u00e4ltnis f\u00fcr uns eine Rolle. Mit Emirates hat man ja ca. auf der H\u00e4lfe einen Zwischenstopp, wir fanden es damals gut, dass die Kinder mal ne Runde laufen konnten, auch wenn wir Kian mal wecken mussten.<\/p>\n\n\n\n<p>Mit Singapur Airlines sind wir von Frankfurt direkt bis Singapur durchgeflogen, also ca. 11 Stunden am St\u00fcck, gerade \u00fcber Nacht war auch nicht schlecht, ebenfalls mit Thai Airways von Istanbul bis Bangkok.<\/p>\n\n\n\n<p><\/p>\n\n\n\n<figure class=\"wp-block-image size-large is-resized\"><img loading=\"lazy\" decoding=\"async\" width=\"768\" height=\"1024\" src=\"https:\/\/viersindausgeflogen.de\/wp-content\/uploads\/2020\/02\/9D9D4F77-0B14-4AFC-AD2A-3624E713B95A-768x1024.jpeg\" alt=\"\" class=\"wp-image-219\" style=\"width:532px;height:709px\" srcset=\"https:\/\/viersindausgeflogen.de\/wp-content\/uploads\/2020\/02\/9D9D4F77-0B14-4AFC-AD2A-3624E713B95A-768x1024.jpeg 768w, https:\/\/viersindausgeflogen.de\/wp-content\/uploads\/2020\/02\/9D9D4F77-0B14-4AFC-AD2A-3624E713B95A-225x300.jpeg 225w, https:\/\/viersindausgeflogen.de\/wp-content\/uploads\/2020\/02\/9D9D4F77-0B14-4AFC-AD2A-3624E713B95A-1152x1536.jpeg 1152w, https:\/\/viersindausgeflogen.de\/wp-content\/uploads\/2020\/02\/9D9D4F77-0B14-4AFC-AD2A-3624E713B95A.jpeg 1536w\" sizes=\"auto, (max-width: 768px) 100vw, 768px\" \/><\/figure>\n","protected":false},"excerpt":{"rendered":"<p>Wo suchen und buchen? Wir haben unsere Fl\u00fcge immer \u00fcber skyscanner gesucht und letztlich dann direkt bei der Airline gebucht.&hellip;<\/p>\n","protected":false},"author":1,"featured_media":0,"parent":0,"menu_order":0,"comment_status":"closed","ping_status":"closed","template":"","meta":{"footnotes":""},"class_list":["post-184","page","type-page","status-publish","hentry"],"yoast_head":"<!-- This site is optimized with the Yoast SEO plugin v27.5 - https:\/\/yoast.com\/product\/yoast-seo-wordpress\/ -->\n<title>Rund um den Flug - Viersindausgeflogen<\/title>\n<meta name=\"robots\" content=\"index, follow, max-snippet:-1, max-image-preview:large, max-video-preview:-1\" \/>\n<link rel=\"canonical\" href=\"https:\/\/viersindausgeflogen.de\/?page_id=184\" \/>\n<meta property=\"og:locale\" content=\"de_DE\" \/>\n<meta property=\"og:type\" content=\"article\" \/>\n<meta property=\"og:title\" content=\"Rund um den Flug - Viersindausgeflogen\" \/>\n<meta property=\"og:description\" content=\"Wo suchen und buchen? Wir haben unsere Fl\u00fcge immer \u00fcber skyscanner gesucht und letztlich dann direkt bei der Airline gebucht.&hellip;\" \/>\n<meta property=\"og:url\" content=\"https:\/\/viersindausgeflogen.de\/?page_id=184\" \/>\n<meta property=\"og:site_name\" content=\"Viersindausgeflogen\" \/>\n<meta property=\"article:modified_time\" content=\"2025-05-18T07:44:38+00:00\" \/>\n<meta property=\"og:image\" content=\"https:\/\/viersindausgeflogen.de\/wp-content\/uploads\/2020\/02\/9D9D4F77-0B14-4AFC-AD2A-3624E713B95A.jpeg\" \/>\n\t<meta property=\"og:image:width\" content=\"1536\" \/>\n\t<meta property=\"og:image:height\" content=\"2048\" \/>\n\t<meta property=\"og:image:type\" content=\"image\/jpeg\" \/>\n<meta name=\"twitter:card\" content=\"summary_large_image\" \/>\n<meta name=\"twitter:label1\" content=\"Gesch\u00e4tzte Lesezeit\" \/>\n\t<meta name=\"twitter:data1\" content=\"4\u00a0Minuten\" \/>\n<script type=\"application\/ld+json\" class=\"yoast-schema-graph\">{\"@context\":\"https:\\\/\\\/schema.org\",\"@graph\":[{\"@type\":\"WebPage\",\"@id\":\"https:\\\/\\\/viersindausgeflogen.de\\\/?page_id=184\",\"url\":\"https:\\\/\\\/viersindausgeflogen.de\\\/?page_id=184\",\"name\":\"Rund um den Flug - Viersindausgeflogen\",\"isPartOf\":{\"@id\":\"https:\\\/\\\/viersindausgeflogen.de\\\/#website\"},\"primaryImageOfPage\":{\"@id\":\"https:\\\/\\\/viersindausgeflogen.de\\\/?page_id=184#primaryimage\"},\"image\":{\"@id\":\"https:\\\/\\\/viersindausgeflogen.de\\\/?page_id=184#primaryimage\"},\"thumbnailUrl\":\"https:\\\/\\\/viersindausgeflogen.de\\\/wp-content\\\/uploads\\\/2020\\\/02\\\/9D9D4F77-0B14-4AFC-AD2A-3624E713B95A-768x1024.jpeg\",\"datePublished\":\"2020-02-23T09:18:34+00:00\",\"dateModified\":\"2025-05-18T07:44:38+00:00\",\"breadcrumb\":{\"@id\":\"https:\\\/\\\/viersindausgeflogen.de\\\/?page_id=184#breadcrumb\"},\"inLanguage\":\"de\",\"potentialAction\":[{\"@type\":\"ReadAction\",\"target\":[\"https:\\\/\\\/viersindausgeflogen.de\\\/?page_id=184\"]}]},{\"@type\":\"ImageObject\",\"inLanguage\":\"de\",\"@id\":\"https:\\\/\\\/viersindausgeflogen.de\\\/?page_id=184#primaryimage\",\"url\":\"https:\\\/\\\/viersindausgeflogen.de\\\/wp-content\\\/uploads\\\/2020\\\/02\\\/9D9D4F77-0B14-4AFC-AD2A-3624E713B95A-768x1024.jpeg\",\"contentUrl\":\"https:\\\/\\\/viersindausgeflogen.de\\\/wp-content\\\/uploads\\\/2020\\\/02\\\/9D9D4F77-0B14-4AFC-AD2A-3624E713B95A-768x1024.jpeg\"},{\"@type\":\"BreadcrumbList\",\"@id\":\"https:\\\/\\\/viersindausgeflogen.de\\\/?page_id=184#breadcrumb\",\"itemListElement\":[{\"@type\":\"ListItem\",\"position\":1,\"name\":\"Startseite\",\"item\":\"https:\\\/\\\/viersindausgeflogen.de\\\/\"},{\"@type\":\"ListItem\",\"position\":2,\"name\":\"Rund um den Flug\"}]},{\"@type\":\"WebSite\",\"@id\":\"https:\\\/\\\/viersindausgeflogen.de\\\/#website\",\"url\":\"https:\\\/\\\/viersindausgeflogen.de\\\/\",\"name\":\"Viersindausgeflogen\",\"description\":\"Reiseblog\",\"potentialAction\":[{\"@type\":\"SearchAction\",\"target\":{\"@type\":\"EntryPoint\",\"urlTemplate\":\"https:\\\/\\\/viersindausgeflogen.de\\\/?s={search_term_string}\"},\"query-input\":{\"@type\":\"PropertyValueSpecification\",\"valueRequired\":true,\"valueName\":\"search_term_string\"}}],\"inLanguage\":\"de\"}]}<\/script>\n<!-- \/ Yoast SEO plugin. -->","yoast_head_json":{"title":"Rund um den Flug - Viersindausgeflogen","robots":{"index":"index","follow":"follow","max-snippet":"max-snippet:-1","max-image-preview":"max-image-preview:large","max-video-preview":"max-video-preview:-1"},"canonical":"https:\/\/viersindausgeflogen.de\/?page_id=184","og_locale":"de_DE","og_type":"article","og_title":"Rund um den Flug - Viersindausgeflogen","og_description":"Wo suchen und buchen? Wir haben unsere Fl\u00fcge immer \u00fcber skyscanner gesucht und letztlich dann direkt bei der Airline gebucht.&hellip;","og_url":"https:\/\/viersindausgeflogen.de\/?page_id=184","og_site_name":"Viersindausgeflogen","article_modified_time":"2025-05-18T07:44:38+00:00","og_image":[{"width":1536,"height":2048,"url":"https:\/\/viersindausgeflogen.de\/wp-content\/uploads\/2020\/02\/9D9D4F77-0B14-4AFC-AD2A-3624E713B95A.jpeg","type":"image\/jpeg"}],"twitter_card":"summary_large_image","twitter_misc":{"Gesch\u00e4tzte Lesezeit":"4\u00a0Minuten"},"schema":{"@context":"https:\/\/schema.org","@graph":[{"@type":"WebPage","@id":"https:\/\/viersindausgeflogen.de\/?page_id=184","url":"https:\/\/viersindausgeflogen.de\/?page_id=184","name":"Rund um den Flug - Viersindausgeflogen","isPartOf":{"@id":"https:\/\/viersindausgeflogen.de\/#website"},"primaryImageOfPage":{"@id":"https:\/\/viersindausgeflogen.de\/?page_id=184#primaryimage"},"image":{"@id":"https:\/\/viersindausgeflogen.de\/?page_id=184#primaryimage"},"thumbnailUrl":"https:\/\/viersindausgeflogen.de\/wp-content\/uploads\/2020\/02\/9D9D4F77-0B14-4AFC-AD2A-3624E713B95A-768x1024.jpeg","datePublished":"2020-02-23T09:18:34+00:00","dateModified":"2025-05-18T07:44:38+00:00","breadcrumb":{"@id":"https:\/\/viersindausgeflogen.de\/?page_id=184#breadcrumb"},"inLanguage":"de","potentialAction":[{"@type":"ReadAction","target":["https:\/\/viersindausgeflogen.de\/?page_id=184"]}]},{"@type":"ImageObject","inLanguage":"de","@id":"https:\/\/viersindausgeflogen.de\/?page_id=184#primaryimage","url":"https:\/\/viersindausgeflogen.de\/wp-content\/uploads\/2020\/02\/9D9D4F77-0B14-4AFC-AD2A-3624E713B95A-768x1024.jpeg","contentUrl":"https:\/\/viersindausgeflogen.de\/wp-content\/uploads\/2020\/02\/9D9D4F77-0B14-4AFC-AD2A-3624E713B95A-768x1024.jpeg"},{"@type":"BreadcrumbList","@id":"https:\/\/viersindausgeflogen.de\/?page_id=184#breadcrumb","itemListElement":[{"@type":"ListItem","position":1,"name":"Startseite","item":"https:\/\/viersindausgeflogen.de\/"},{"@type":"ListItem","position":2,"name":"Rund um den Flug"}]},{"@type":"WebSite","@id":"https:\/\/viersindausgeflogen.de\/#website","url":"https:\/\/viersindausgeflogen.de\/","name":"Viersindausgeflogen","description":"Reiseblog","potentialAction":[{"@type":"SearchAction","target":{"@type":"EntryPoint","urlTemplate":"https:\/\/viersindausgeflogen.de\/?s={search_term_string}"},"query-input":{"@type":"PropertyValueSpecification","valueRequired":true,"valueName":"search_term_string"}}],"inLanguage":"de"}]}},"jetpack_sharing_enabled":true,"_links":{"self":[{"href":"https:\/\/viersindausgeflogen.de\/index.php?rest_route=\/wp\/v2\/pages\/184","targetHints":{"allow":["GET"]}}],"collection":[{"href":"https:\/\/viersindausgeflogen.de\/index.php?rest_route=\/wp\/v2\/pages"}],"about":[{"href":"https:\/\/viersindausgeflogen.de\/index.php?rest_route=\/wp\/v2\/types\/page"}],"author":[{"embeddable":true,"href":"https:\/\/viersindausgeflogen.de\/index.php?rest_route=\/wp\/v2\/users\/1"}],"replies":[{"embeddable":true,"href":"https:\/\/viersindausgeflogen.de\/index.php?rest_route=%2Fwp%2Fv2%2Fcomments&post=184"}],"version-history":[{"count":27,"href":"https:\/\/viersindausgeflogen.de\/index.php?rest_route=\/wp\/v2\/pages\/184\/revisions"}],"predecessor-version":[{"id":1826,"href":"https:\/\/viersindausgeflogen.de\/index.php?rest_route=\/wp\/v2\/pages\/184\/revisions\/1826"}],"wp:attachment":[{"href":"https:\/\/viersindausgeflogen.de\/index.php?rest_route=%2Fwp%2Fv2%2Fmedia&parent=184"}],"curies":[{"name":"wp","href":"https:\/\/api.w.org\/{rel}","templated":true}]}}