{"id":133,"date":"2020-02-23T07:33:28","date_gmt":"2020-02-23T06:33:28","guid":{"rendered":"http:\/\/viersindausgeflogen.de\/?page_id=133"},"modified":"2024-02-04T16:39:59","modified_gmt":"2024-02-04T15:39:59","slug":"reisegepaeck","status":"publish","type":"page","link":"https:\/\/viersindausgeflogen.de\/?page_id=133","title":{"rendered":"Koffer oder Rucksack?"},"content":{"rendered":"\n<h2 class=\"wp-block-heading\">Koffer\/ Trolleys<\/h2>\n\n\n\n<p>Bei unserer ersten Reise ( Kinder 1 und 4 J.) hatten wir 3 Hartschalentrolleys dabei. Sicherlich hatten wir viel zu viel mitgeschleppt, allerdings haben wir sowohl Babynahrung als auch Windel aus Deutschland mitgebracht. Hinzu kamen Schwimmhilfen, ein paar Spielsachen, ein Deryan Reisebett, so kam einiges zusammen. Da wir nur auf Koh Samui waren und an den Flugh\u00e4fen das Gep\u00e4ck durchgecheckt wurde, waren die Koffertrolleys sehr angenehm. Man hat somit fast nichts zu schleppen und zur Not kann auch mal &nbsp;ein Kind drauf. Die Koffer sind nat\u00fcrlich deutlich schwerer und sperriger als ein Rucksack.<br><\/p>\n\n\n\n<p><br><\/p>\n\n\n\n<h2 class=\"wp-block-heading\">Rucks\u00e4cke<\/h2>\n\n\n\n<p>Mittlerweile ist unser Gep\u00e4ck minimalistischer geworden und wir sind umgestiegen auf Rucks\u00e4cke. Diese sind vor allem dann praktisch wenn man von Ort zu Ort reist und auch mal mit Zug, Bus usw. unterwegs ist. Auch die normalen Taxen haben meist nur einen kleinen Kofferraum, aber ein Rucksack kann man auch mal auf der R\u00fcckbank zwischen den Beinen parken.Mit Kindern hat man zudem beide H\u00e4nde frei was ganz n\u00fctzlich sein kann.<\/p>\n\n\n\n<hr class=\"wp-block-separator has-css-opacity\"\/>\n\n\n\n<h2 class=\"wp-block-heading\">Welcher Rucksack?<\/h2>\n\n\n\n<p>Wer die Wahl hat, hat die Qual&#8230;<\/p>\n\n\n\n<p>Es gibt unz\u00e4hlige Modelle in alle Preisklassen und Gr\u00f6ssen. F\u00fcr Alleinreisende findet man meist den Tipp, dass ein 50 Liter Rucksack f\u00fcr warme L\u00e4nder ausreichend ist. ( egal ob man 5 Tage oder 5 Wochen unterwegs ist).<br>Da bei uns in Svens Rucksack auch teilweise Kleidung und Handt\u00fccher f\u00fcr die Kinder mussten<br> ( Kian war noch zu klein f\u00fcr einen eigenen Rucksack) fiel hier die Wahl auf einen etwas gr\u00f6sseren Rucksack. Wir haben verschiedene Modelle zwischen 75 und 90 Litern angesehen. Die 90 Liter waren def. zu gross. Geworden ist es dann ein McKinley mit 75+10 Litern. <\/p>\n\n\n\n<p>Ich habe mittlerweile einen Deuter Voyager Aviant 60+10, dieser ist von vorbe bef\u00fcllbar und hat ausserdem ein Fach f\u00fcr ein Daypack. So kann ich am Flufhafen den kleinen Rucksack einfach rausnehmen und habe ein kleines Handgep\u00e4ckst\u00fcck. <\/p>\n\n\n\n<p>Lenny bekam einen Rucksack von Decathlon mit 40 Litern, welcher aber nicht voll bef\u00fcllt war. Die Auswahl an Trekkingrucks\u00e4cken f\u00fcr Kinder ist in der Tat gering und ein vergleichbares Modell von Deuter h\u00e4tte das dreifache gekostet ( hier muss ich erw\u00e4hnen dass er nicht zu der Sorte Kind:\u201cich gehe sorgf\u00e4ltig mit meinen Sachen um\u201c geh\u00f6rt) und es uns das dann doch nicht wert war. Aber der Decathlon Rucksack hat gute Dienste geleistet und daher haben wir die Entscheidung nicht bereut.<\/p>\n\n\n\n<p>Kian hat f\u00fcr die Malaysia Reise 2022 ebenfalls einen Rucksack bekommen, ich habe g\u00fcnstig einen gebrauchten Deuter Fox mit 35 Litern ergatten k\u00f6nnen. <\/p>\n\n\n\n<p><\/p>\n\n\n\n<h2 class=\"wp-block-heading\">Sonstige Tipps:<\/h2>\n\n\n\n<p>Packw\u00fcrfel! \u00c4usserst praktisch und erh\u00e4ltlich in diversen Gr\u00f6ssen beim Versandh\u00e4ndler amaz*<br>So hat man immer alles ordentlich verstaut und griffbereit.<\/p>\n\n\n\n<figure class=\"wp-block-image size-large is-resized\"><img loading=\"lazy\" decoding=\"async\" width=\"1024\" height=\"768\" src=\"https:\/\/viersindausgeflogen.de\/wp-content\/uploads\/2024\/02\/img_0809-1-1024x768.jpg\" alt=\"\" class=\"wp-image-1610\" style=\"width:373px;height:auto\" srcset=\"https:\/\/viersindausgeflogen.de\/wp-content\/uploads\/2024\/02\/img_0809-1-1024x768.jpg 1024w, https:\/\/viersindausgeflogen.de\/wp-content\/uploads\/2024\/02\/img_0809-1-300x225.jpg 300w, https:\/\/viersindausgeflogen.de\/wp-content\/uploads\/2024\/02\/img_0809-1-768x576.jpg 768w, https:\/\/viersindausgeflogen.de\/wp-content\/uploads\/2024\/02\/img_0809-1-1536x1152.jpg 1536w, https:\/\/viersindausgeflogen.de\/wp-content\/uploads\/2024\/02\/img_0809-1-1600x1200.jpg 1600w, https:\/\/viersindausgeflogen.de\/wp-content\/uploads\/2024\/02\/img_0809-1.jpg 2000w\" sizes=\"auto, (max-width: 1024px) 100vw, 1024px\" \/><\/figure>\n\n\n\n<p><\/p>\n\n\n\n<p><\/p>\n\n\n\n<p><\/p>\n\n\n\n<p><\/p>\n\n\n\n<p><\/p>\n","protected":false},"excerpt":{"rendered":"<p>Koffer\/ Trolleys Bei unserer ersten Reise ( Kinder 1 und 4 J.) hatten wir 3 Hartschalentrolleys dabei. Sicherlich hatten wir&hellip;<\/p>\n","protected":false},"author":1,"featured_media":0,"parent":0,"menu_order":0,"comment_status":"closed","ping_status":"closed","template":"","meta":{"footnotes":""},"class_list":["post-133","page","type-page","status-publish","hentry"],"yoast_head":"<!-- This site is optimized with the Yoast SEO plugin v27.5 - https:\/\/yoast.com\/product\/yoast-seo-wordpress\/ -->\n<title>Koffer oder Rucksack? - Viersindausgeflogen<\/title>\n<meta name=\"robots\" content=\"index, follow, max-snippet:-1, max-image-preview:large, max-video-preview:-1\" \/>\n<link rel=\"canonical\" href=\"https:\/\/viersindausgeflogen.de\/?page_id=133\" \/>\n<meta property=\"og:locale\" content=\"de_DE\" \/>\n<meta property=\"og:type\" content=\"article\" \/>\n<meta property=\"og:title\" content=\"Koffer oder Rucksack? - Viersindausgeflogen\" \/>\n<meta property=\"og:description\" content=\"Koffer\/ Trolleys Bei unserer ersten Reise ( Kinder 1 und 4 J.) hatten wir 3 Hartschalentrolleys dabei. Sicherlich hatten wir&hellip;\" \/>\n<meta property=\"og:url\" content=\"https:\/\/viersindausgeflogen.de\/?page_id=133\" \/>\n<meta property=\"og:site_name\" content=\"Viersindausgeflogen\" \/>\n<meta property=\"article:modified_time\" content=\"2024-02-04T15:39:59+00:00\" \/>\n<meta property=\"og:image\" content=\"https:\/\/viersindausgeflogen.de\/wp-content\/uploads\/2024\/02\/img_0809-1-1024x768.jpg\" \/>\n<meta name=\"twitter:card\" content=\"summary_large_image\" \/>\n<meta name=\"twitter:label1\" content=\"Gesch\u00e4tzte Lesezeit\" \/>\n\t<meta name=\"twitter:data1\" content=\"3\u00a0Minuten\" \/>\n<script type=\"application\/ld+json\" class=\"yoast-schema-graph\">{\"@context\":\"https:\\\/\\\/schema.org\",\"@graph\":[{\"@type\":\"WebPage\",\"@id\":\"https:\\\/\\\/viersindausgeflogen.de\\\/?page_id=133\",\"url\":\"https:\\\/\\\/viersindausgeflogen.de\\\/?page_id=133\",\"name\":\"Koffer oder Rucksack? - Viersindausgeflogen\",\"isPartOf\":{\"@id\":\"https:\\\/\\\/viersindausgeflogen.de\\\/#website\"},\"primaryImageOfPage\":{\"@id\":\"https:\\\/\\\/viersindausgeflogen.de\\\/?page_id=133#primaryimage\"},\"image\":{\"@id\":\"https:\\\/\\\/viersindausgeflogen.de\\\/?page_id=133#primaryimage\"},\"thumbnailUrl\":\"https:\\\/\\\/viersindausgeflogen.de\\\/wp-content\\\/uploads\\\/2024\\\/02\\\/img_0809-1-1024x768.jpg\",\"datePublished\":\"2020-02-23T06:33:28+00:00\",\"dateModified\":\"2024-02-04T15:39:59+00:00\",\"breadcrumb\":{\"@id\":\"https:\\\/\\\/viersindausgeflogen.de\\\/?page_id=133#breadcrumb\"},\"inLanguage\":\"de\",\"potentialAction\":[{\"@type\":\"ReadAction\",\"target\":[\"https:\\\/\\\/viersindausgeflogen.de\\\/?page_id=133\"]}]},{\"@type\":\"ImageObject\",\"inLanguage\":\"de\",\"@id\":\"https:\\\/\\\/viersindausgeflogen.de\\\/?page_id=133#primaryimage\",\"url\":\"https:\\\/\\\/viersindausgeflogen.de\\\/wp-content\\\/uploads\\\/2024\\\/02\\\/img_0809-1.jpg\",\"contentUrl\":\"https:\\\/\\\/viersindausgeflogen.de\\\/wp-content\\\/uploads\\\/2024\\\/02\\\/img_0809-1.jpg\",\"width\":2000,\"height\":1500},{\"@type\":\"BreadcrumbList\",\"@id\":\"https:\\\/\\\/viersindausgeflogen.de\\\/?page_id=133#breadcrumb\",\"itemListElement\":[{\"@type\":\"ListItem\",\"position\":1,\"name\":\"Startseite\",\"item\":\"https:\\\/\\\/viersindausgeflogen.de\\\/\"},{\"@type\":\"ListItem\",\"position\":2,\"name\":\"Koffer oder Rucksack?\"}]},{\"@type\":\"WebSite\",\"@id\":\"https:\\\/\\\/viersindausgeflogen.de\\\/#website\",\"url\":\"https:\\\/\\\/viersindausgeflogen.de\\\/\",\"name\":\"Viersindausgeflogen\",\"description\":\"Reiseblog\",\"potentialAction\":[{\"@type\":\"SearchAction\",\"target\":{\"@type\":\"EntryPoint\",\"urlTemplate\":\"https:\\\/\\\/viersindausgeflogen.de\\\/?s={search_term_string}\"},\"query-input\":{\"@type\":\"PropertyValueSpecification\",\"valueRequired\":true,\"valueName\":\"search_term_string\"}}],\"inLanguage\":\"de\"}]}<\/script>\n<!-- \/ Yoast SEO plugin. -->","yoast_head_json":{"title":"Koffer oder Rucksack? - Viersindausgeflogen","robots":{"index":"index","follow":"follow","max-snippet":"max-snippet:-1","max-image-preview":"max-image-preview:large","max-video-preview":"max-video-preview:-1"},"canonical":"https:\/\/viersindausgeflogen.de\/?page_id=133","og_locale":"de_DE","og_type":"article","og_title":"Koffer oder Rucksack? - Viersindausgeflogen","og_description":"Koffer\/ Trolleys Bei unserer ersten Reise ( Kinder 1 und 4 J.) hatten wir 3 Hartschalentrolleys dabei. Sicherlich hatten wir&hellip;","og_url":"https:\/\/viersindausgeflogen.de\/?page_id=133","og_site_name":"Viersindausgeflogen","article_modified_time":"2024-02-04T15:39:59+00:00","og_image":[{"url":"https:\/\/viersindausgeflogen.de\/wp-content\/uploads\/2024\/02\/img_0809-1-1024x768.jpg","type":"","width":"","height":""}],"twitter_card":"summary_large_image","twitter_misc":{"Gesch\u00e4tzte Lesezeit":"3\u00a0Minuten"},"schema":{"@context":"https:\/\/schema.org","@graph":[{"@type":"WebPage","@id":"https:\/\/viersindausgeflogen.de\/?page_id=133","url":"https:\/\/viersindausgeflogen.de\/?page_id=133","name":"Koffer oder Rucksack? - Viersindausgeflogen","isPartOf":{"@id":"https:\/\/viersindausgeflogen.de\/#website"},"primaryImageOfPage":{"@id":"https:\/\/viersindausgeflogen.de\/?page_id=133#primaryimage"},"image":{"@id":"https:\/\/viersindausgeflogen.de\/?page_id=133#primaryimage"},"thumbnailUrl":"https:\/\/viersindausgeflogen.de\/wp-content\/uploads\/2024\/02\/img_0809-1-1024x768.jpg","datePublished":"2020-02-23T06:33:28+00:00","dateModified":"2024-02-04T15:39:59+00:00","breadcrumb":{"@id":"https:\/\/viersindausgeflogen.de\/?page_id=133#breadcrumb"},"inLanguage":"de","potentialAction":[{"@type":"ReadAction","target":["https:\/\/viersindausgeflogen.de\/?page_id=133"]}]},{"@type":"ImageObject","inLanguage":"de","@id":"https:\/\/viersindausgeflogen.de\/?page_id=133#primaryimage","url":"https:\/\/viersindausgeflogen.de\/wp-content\/uploads\/2024\/02\/img_0809-1.jpg","contentUrl":"https:\/\/viersindausgeflogen.de\/wp-content\/uploads\/2024\/02\/img_0809-1.jpg","width":2000,"height":1500},{"@type":"BreadcrumbList","@id":"https:\/\/viersindausgeflogen.de\/?page_id=133#breadcrumb","itemListElement":[{"@type":"ListItem","position":1,"name":"Startseite","item":"https:\/\/viersindausgeflogen.de\/"},{"@type":"ListItem","position":2,"name":"Koffer oder Rucksack?"}]},{"@type":"WebSite","@id":"https:\/\/viersindausgeflogen.de\/#website","url":"https:\/\/viersindausgeflogen.de\/","name":"Viersindausgeflogen","description":"Reiseblog","potentialAction":[{"@type":"SearchAction","target":{"@type":"EntryPoint","urlTemplate":"https:\/\/viersindausgeflogen.de\/?s={search_term_string}"},"query-input":{"@type":"PropertyValueSpecification","valueRequired":true,"valueName":"search_term_string"}}],"inLanguage":"de"}]}},"jetpack_sharing_enabled":true,"_links":{"self":[{"href":"https:\/\/viersindausgeflogen.de\/index.php?rest_route=\/wp\/v2\/pages\/133","targetHints":{"allow":["GET"]}}],"collection":[{"href":"https:\/\/viersindausgeflogen.de\/index.php?rest_route=\/wp\/v2\/pages"}],"about":[{"href":"https:\/\/viersindausgeflogen.de\/index.php?rest_route=\/wp\/v2\/types\/page"}],"author":[{"embeddable":true,"href":"https:\/\/viersindausgeflogen.de\/index.php?rest_route=\/wp\/v2\/users\/1"}],"replies":[{"embeddable":true,"href":"https:\/\/viersindausgeflogen.de\/index.php?rest_route=%2Fwp%2Fv2%2Fcomments&post=133"}],"version-history":[{"count":22,"href":"https:\/\/viersindausgeflogen.de\/index.php?rest_route=\/wp\/v2\/pages\/133\/revisions"}],"predecessor-version":[{"id":1615,"href":"https:\/\/viersindausgeflogen.de\/index.php?rest_route=\/wp\/v2\/pages\/133\/revisions\/1615"}],"wp:attachment":[{"href":"https:\/\/viersindausgeflogen.de\/index.php?rest_route=%2Fwp%2Fv2%2Fmedia&parent=133"}],"curies":[{"name":"wp","href":"https:\/\/api.w.org\/{rel}","templated":true}]}}